uppose -138 = -n + 3*b, 4*n - 2*b - 45 = 557. What is the hundreds digit of n?
1
Suppose 5*i + 6*f + 49 = 3*f, 0 = 2*i - 5*f + 1. Let a = i + 6. What is the units digit of 60/25 + a/5?
2
Suppose -2*c - 3*c + 78 = -4*o, 3*o - 99 = -5*c. What is the tens digit of c?
1
Let g = 30 + -22. Suppose -g - 20 = -7*w. What is the units digit of w?
4
Suppose -30 = -3*a - m, -m - 2*m + 54 = 5*a. Let i = 31 - a. What is the tens digit of i?
2
What is the units digit of (-294*(-2)/(-3))/(-2)?
8
Let p be (-73)/(-4) + 2/(-8). Suppose -3*s + 4*r + p = -2*s, -4*r = s - 34. What is the tens digit of s?
2
Suppose f = 3*f. Let n(m) = m**2 + m - 1. Let h be n(1). What is the units digit of 1*h/(f - -1)?
1
Let d(g) = 2*g - 3. Let t be -2*-2*(1 - 0). What is the units digit of d(t)?
5
Let c = -3 + 8. Suppose -2*v + c*v - 39 = 0. What is the tens digit of v?
1
Suppose 0 = -4*n - 3*i + 77, -2*i = -0*n + 5*n - 105. Let v = n - 6. What is the units digit of v?
7
Let m be 201/12 + 3/(-4). Let j = -11 + m. What is the units digit of (0 + -1)*(j - 15)?
0
Let g(u) = u**3 - 3*u + 2. Let r be g(2). Suppose -r*k + 35 = 7. What is the units digit of k?
7
Let r(a) = 10*a**2 - 3*a + 1. What is the tens digit of r(3)?
8
Let i(n) = 14*n**2 - n - 5. What is the tens digit of i(3)?
1
Let z(n) be the third derivative of 0*n**4 + 19/120*n**6 + 0 + 0*n**5 + 2*n**2 + 0*n**3 + 0*n. What is the tens digit of z(1)?
1
What is the units digit of ((-51)/12)/(6/(-24))?
7
Let r = 0 - 0. Let z(l) = -l**2 - l - 2. Let a be z(r). Let b(y) = 2*y**2 + 1. What is the units digit of b(a)?
9
Suppose -2*j = 2*j - 3*w - 4, 2*w = 3*j - 4. Suppose 198 = 2*s + 3*s + 2*i, 4*s - 168 = -j*i. Suppose 5*b - 42 = s. What is the units digit of b?
6
Let h(m) = m**3 - 4*m**2 + 2*m - 4. Let j be h(4). Suppose 0*r = 3*k - j*r - 101, 3*k + 4*r - 133 = 0. What is the units digit of k?
9
Suppose -5*a = -4 + 24. Let j = 28 + a. Let f = j + -13. What is the units digit of f?
1
Let o(v) = -11*v**3 + 2*v**2 + 2*v + 1. Let q = 1 + -2. What is the units digit of o(q)?
2
Let b = 13 + 9. What is the units digit of (3 - 1) + b/1?
4
Let m(o) = -3*o. Let b be 3 - 3 - 3/3. Let n be m(b). Suppose -n*c = c - 20. What is the units digit of c?
5
Let j(z) = z**2 + 1. Let l(i) = 3*i**2 + 9*i - 1. Let p(q) = -4*j(q) + l(q). Let a be p(8). Suppose -a*g + 20 = -g. What is the units digit of g?
0
Suppose 4*v - 6*v = -2*i - 348, -4*v = -i - 696. What is the hundreds digit of v?
1
Suppose -453 = -4*i + 627. Suppose 4*q + q = i. What is the tens digit of q?
5
Let n = 35 - -6. What is the tens digit of n?
4
Suppose -4*g - 2*u + 894 = 0, 3*u + 1110 = 5*g - 2*u. What is the tens digit of g?
2
Let q be 2 + 1 + -1 + -5. Let g = 13 + q. What is the tens digit of g?
1
Let w = 88 + 26. What is the units digit of w?
4
Let r(u) = u**2 + 12*u + 10. Let o be r(-11). What is the units digit of o*(3 - 0 - 16)?
3
Suppose -h + 38 - 14 = 0. What is the tens digit of h?
2
Let y be 9 - (3 - 3 - 1). Let u = y + -6. Suppose 0 = -2*p + 2*c, -2*c - c - u = -5*p. What is the units digit of p?
2
Suppose 4*k = 15 - 3. What is the units digit of k?
3
Let b = 152 - 100. What is the tens digit of b?
5
Let s = -5 + 9. Suppose -4*n + 3*n = -s. Let g = n - -1. What is the units digit of g?
5
Let r = 3 + 0. Let u = r - 0. Suppose 24 = 2*v + v - u*g, -2*g - 31 = -5*v. What is the units digit of v?
5
Suppose 0 = -5*u + 5*r + 10 + 60, 5*u + 5*r = 70. What is the units digit of u?
4
Let n = -65 + 78. What is the tens digit of n?
1
Suppose 65 = 4*m - 19. Suppose -k + 2 = -m. What is the units digit of k?
3
Let j be ((-6)/9)/(2/(-6)). Suppose j*z = 5*y - 28, 3*y - 24 = -z + 4*z. Suppose y = 4*c - 12. What is the units digit of c?
4
What is the units digit of (-605)/(-22) - (-2)/4?
8
Let f = 490 + -338. What is the units digit of f?
2
Let j(t) = -t**2 + 2*t + 56. What is the tens digit of j(0)?
5
Let p(i) = -i + 2*i**2 - 2*i**2 + 2 + i**2. What is the units digit of p(3)?
8
Suppose 4*i + 2*f = 52, -5*i + 48 = 3*f - 19. Suppose 5*b = -3*v + 9, 5*v - 4 = -2*b + i. Suppose 15 = 3*t, 4*t = -r + v*r + 8. What is the units digit of r?
6
Suppose 0*k - 6*k + 702 = 0. What is the units digit of k?
7
Let k = -17 + 29. What is the tens digit of -4*(k/(-3) + 0)?
1
Suppose 0 = 4*h + 4*l - 20, -3 = 4*l + 5. What is the units digit of h?
7
Let a(k) = -2*k + 4. Let x be a(3). Let u be 3/9 - x/(-6). Suppose 4*c = u, -q + 3 - 1 = 2*c. What is the units digit of q?
2
Suppose -2*m + 524 = -x, 3*m - x = -4*x + 768. What is the units digit of m?
0
Let m(r) = r**2 - 3*r - 3. Let i be m(-2). Suppose -i = l - 5*l + n, -2*n = 6. What is the units digit of 2*3*l/3?
2
Let h be (-38)/4 - (-2)/(-4). Let j = h + 8. What is the units digit of 3/j*168/(-18)?
4
Let z = 42 - 24. Suppose 4*f - 56 = 2*f + i, 0 = -3*i + 6. Let b = f - z. What is the tens digit of b?
1
Let v = 27 - 33. What is the units digit of 238/5 - v/15?
8
Suppose -17*y + 12*y = -10. Suppose y*r - 40 = -0*r. What is the units digit of r?
0
Suppose 0 = -j - d + 2, -7 - 1 = -3*j - 5*d. Suppose 0*v = -v + j. What is the units digit of v?
1
Suppose 0*u + 168 = 4*q + 4*u, 0 = 5*q + 2*u - 198. What is the tens digit of q?
3
Suppose -3*w + 188 = w - 5*r, 3*w + 4*r = 141. Let a = w + -22. What is the units digit of a?
5
Let p(v) = 4 - 2*v + 3 + 2 + v**2 - 1. What is the tens digit of p(7)?
4
Suppose -383 = -4*f + 289. What is the tens digit of f/10 + 1/5?
1
Let v be (7*52)/2 + 0. Suppose 3*c - 1650 = 3*j, 2*c + j - v = 927. What is the tens digit of 2/(-7) - c/(-49)?
1
Let h(j) = -2*j + 1. Let a be h(-2). Suppose u - 13 = 2*k, u + a*k + 7 = 2*k. What is the units digit of u?
5
Let x(v) = -3*v**2 - 4*v - 2. Let t be x(-4). Let i = 47 + t. What is the units digit of i?
3
Let y = 27 + -6. Let g(l) = -l**2 - 15*l - 27. Let m be g(-13). Let n = m + y. What is the units digit of n?
0
Suppose 14*z + 30 = 19*z. What is the units digit of z?
6
Let f(a) = -14*a + 3. What is the units digit of f(-5)?
3
What is the tens digit of (-199)/(-1) - -1*(9 - 5)?
0
Let h be (-468)/(-81) + (-2)/(-9). Let y = 4 - 0. Suppose 0 = 3*g + 4*i + 11 - 29, h = -3*g + y*i. What is the units digit of g?
2
Let h(f) = -f**2 - 2*f + 10. Suppose -8*x + 5*x = 0. What is the tens digit of h(x)?
1
Let n(t) = t**3 - t - 3. Let i(p) = p**3 + p**2 - 2*p - 3. Let s(r) = -3*i(r) + 4*n(r). What is the units digit of s(5)?
7
Let d = 165 - 90. What is the units digit of d?
5
Suppose -3*m + 560 = 5*m. What is the tens digit of m?
7
Let z = 8 + 10. What is the tens digit of z?
1
Let b(v) = -v + 6. Let u be b(5). Suppose 3*k - 3*q - 3 = 0, 4*k - 5*q + 1 - 3 = 0. Suppose -k*w + u = -5. What is the units digit of w?
2
Let t(j) = -j**3 + 8*j**2 - 5*j - 8. Let s be t(7). Suppose -s*f + 3*f = 5*r - 8, 16 = f - r. What is the units digit of f?
1
Let s = -10 + 19. Let b = 21 - s. What is the tens digit of b?
1
Let v(f) = -6*f + 71. What is the hundreds digit of v(-15)?
1
Let z(m) = -11*m**3 + m + 1. Let d = -1 - 0. What is the units digit of z(d)?
1
Let z = 22 + 16. Suppose -78 = 3*u + 3. Let j = z + u. What is the tens digit of j?
1
Let a = -29 + 14. Let v = -14 - -8. What is the tens digit of (-245)/a + 2/v?
1
Let n(k) = k**2 - 7*k + 2. Let l be n(4). Let t(o) = o**2 - 4*o - 1. Let h be t(5). What is the units digit of h/(-6)*15/l?
1
Let u = -13 - -9. Let m = 8 + u. Suppose m*s - 3*s - 10 = 0. What is the units digit of s?
0
Let p be 8*(-1)/4*2. What is the units digit of (p - -7) + (-2)/(-2)?
4
Let l = -5 - -5. Suppose 2*b - 25 = -5*m, 2*m - 10 = 3*b - l*m. Suppose -5*f + 5*p + 55 = b, f - 2 = -p + 3. What is the units digit of f?
8
Suppose j = -0 + 41. Let s = -16 + j. What is the units digit of s?
5
Suppose -p + 2*p - w = 2, -3*w = 2*p + 1. Let i be (2 - p)*-1 + 1. Suppose i = 5*h - 10*h + 75. What is the units digit of h?
5
Let g be -1 + 2 - 7 - 1. Let l = g + 20. What is the units digit of l?
3
What is the units digit of -1*(-28 + 4)*(-11)/(-3)?
8
Let q = 7 + -5. What is the units digit of q?
2
Suppose -i + 4*s = -0*s + 10, 3*i - 5*s = -16. Let h = 13 + i. Suppose 3*v - h = 10. What is the units digit of v?
7
Suppose 2*u - 71 - 231 = 0. Suppose 0 = -5*c + 49 + u. What is the tens digit of c?
4
Suppose 2*p = 2 + 2. What is the units digit of p?
2
Let k = -27 + 72. Suppose -3*w + k = 2*w. What is the units di